hat is the tens digit of (-13 - t)/(3/(-130))?
3
Let u = 18662 - 1009. What is the tens digit of u?
5
Suppose 0 = -j + 48 - 162. Let v = -61 - j. Let y = 5 + v. What is the tens digit of y?
5
Suppose -v = 4, 0 = -t + 3*v + 20 - 2. Let d(f) = 7*f - 40. Let u be d(8). What is the tens digit of t/u + 582/(-96)*-10?
6
What is the tens digit of (-8)/(-6) + -1 + 2632784/48 + -13?
3
Suppose 7*n - 19 = -61. Let y be 8/n*149*(3 + -6). What is the units digit of y/3 + 4/(-6)?
8
Let i = -519 - -524. Suppose 2*v + i*v = 1519. What is the units digit of v?
7
Let v = 16729 - 8155. What is the hundreds digit of v?
5
Let h(d) = -2*d**2 - 20*d + 18. Let m(a) = a**2 + 19*a - 17. Let c(t) = -4*h(t) - 5*m(t). Let x = 26 + -14. What is the tens digit of c(x)?
6
Suppose -8 = -4*h - 2*o, h + o - 4*o = 2. Let w = 113 - -121. Suppose h*z - w = -2*i, -5*i = -i + 12. What is the units digit of z?
0
Let n(g) = 5*g - 13. Let b(r) = 4*r - 13. Let f(k) = -7*b(k) + 6*n(k). Let d be f(5). Suppose 5*h = 78 - d. What is the units digit of h?
1
Let x(y) = -y**2 + 39*y - 15. Suppose -33 = a - 69. What is the units digit of x(a)?
3
Suppose 2242552 = 3*u + 77*u + 24*u. What is the ten thousands digit of u?
2
Let j(b) = b**3 - 12*b**2 + 22*b - 13. Let g be j(10). Suppose 0 = 5*k + 8 + g, 4*k + 18 = -3*p. Let i(y) = -87*y + 4. What is the units digit of i(p)?
8
What is the tens digit of 34212*(-20)/(-400)*10?
0
Let f(k) = 8*k - 6*k + 34*k - 2*k**2 - 4 + 8*k**2. What is the hundreds digit of f(-12)?
4
Let n = 95 + -92. Suppose n*q = 3*f - 423, 4*f - 5*q - 51 = 509. What is the units digit of f?
5
Suppose 4*t + 343 = 3*z, -z - t = t - 121. Let x = z - 107. Suppose -13*j + x*j = -249. What is the units digit of j?
3
Suppose -3*k + 2 = -5*k, -4*a + 5*k = -485. What is the tens digit of ((-24)/a)/((-1)/965)?
9
Let w(p) = -5*p**2 + 27*p - 5. Suppose -4*c - 15 = h, 0 = 4*c - 7 + 27. Let v be w(h). Suppose 0 = v*d - 1084 - 46. What is the tens digit of d?
2
Suppose -6 = p - 7. Let t(i) = 875*i**2 - 4*i + 5. Let o be t(p). Suppose 4*z + 2*z = o. What is the tens digit of z?
4
Let w = 1720 + 33037. What is the hundreds digit of w?
7
Let l be ((-96)/(-10))/(32/720) - 0. Suppose l = -2*u + 2514. What is the hundreds digit of u?
1
Suppose 77*g - 75*g = 22278. Suppose -g = -13*w - 2208. What is the hundreds digit of w?
6
What is the thousands digit of (-3 - -4) + -3 - (10 + (-4 - 5186))?
5
Let w be -4*196/(-1)*-2. Let g = -1091 - w. What is the tens digit of g?
7
Suppose 7*q - 36 = 3*q. Let z(b) = -b + 11. Let l be z(q). Suppose h - 4*d - 45 = 0, -l*d + 0*d = -3*h + 135. What is the units digit of h?
5
Let b(v) = -19*v**3 - 2*v**2 + 2*v + 5. Let s(t) = -t - 1. Let m(q) = b(q) + s(q). What is the units digit of m(-2)?
6
Let y(a) = a**2 - 17*a - 10. Let i be y(18). Suppose -i*v - 5 = -13. What is the units digit of v*-2 + (-800)/(-5)?
8
Let v(s) = -6*s - 42. Let o be v(-17). Let h = o + -34. What is the units digit of h?
6
Let a be 8/((-320)/15) - 27574/(-16). Let s = a + -965. What is the tens digit of s?
5
Suppose -2*z = -4*l + l - 21, -1 = 3*z + 2*l. Suppose 5*o - 840 = -5*w, -z*w + 3*o + 491 = -43. Suppose -2*h + w = -61. What is the units digit of h?
7
What is the hundreds digit of ((-595)/(-3))/(((-11)/(-451))/(1*3))?
3
Let l(y) = y**3 - 19*y**2 + 19*y - 1. Let v be l(18). Suppose -a + f = -5*a - v, -4*a - 13 = -3*f. What is the units digit of a/2 + 165/11?
3
Let d(w) = -9*w + 2. Let f be d(-2). Suppose -36 = -26*x + 20*x. Let m = x + f. What is the units digit of m?
6
Suppose 0 = 4*f - 9*f - 3630. Let v = 38 - f. What is the tens digit of v?
6
Suppose -5*v + 1 - 3 = -f, -2*f + 3*v = -4. Suppose -5*u + 3*d + 111 = -90, f*u - 2*d - 82 = 0. What is the units digit of u?
9
Let i be -1 - (2 + -1 - -196). What is the tens digit of (-5887)/(-11) - -6*6/i?
3
Suppose 3*p + 479 - 3605 = -3*w, 10*p - 10525 = 5*w. What is the hundreds digit of p?
0
Suppose 2*l = -2*d + 7010, 4*l = 3*d + 13115 + 877. What is the thousands digit of l?
3
Let m = -34 + 38. Suppose m + 12 = 4*r. Suppose -r*t - 4*l + 392 = 0, -3*t + t + 196 = -2*l. What is the tens digit of t?
9
Suppose 5*g + 8*q - 32191 = 12*q, q = -3*g + 19301. Suppose 0 = 347*m - 358*m + g. What is the tens digit of m?
8
What is the tens digit of (30*45)/(32/160)?
5
Let g(x) = 35*x + 3. Let b(v) be the third derivative of -v**5/60 - 7*v**4/8 + v**3/3 - 22*v**2. Let n be b(-21). What is the units digit of g(n)?
3
Let d be (2/5)/(30/525). Suppose i + 2*i - d = a, -2*a + i + 1 = 0. What is the units digit of (1204/49)/(a/7)?
6
Let t be (-567)/3*(-4 + 2). Suppose 972 = -t*n + 379*n. What is the tens digit of n?
7
Let f = -439 + -237. Let m = -182 - f. What is the units digit of m?
4
Let p(m) = 16*m - 37. Let c be p(-4). Let n = c - -176. What is the units digit of n?
5
Suppose i + 4530 = 5*c - 4964, -2*c + 5*i = -3816. What is the units digit of 3/(-7) + c/(-91)*-25?
1
Let u(g) = 4*g**2 + 13*g - 107. Let x(b) = b**2 - 13*b + 49. Let h be x(3). What is the hundreds digit of u(h)?
5
Suppose 5*m + 30 = -5. What is the hundreds digit of 3 - (-3088)/28 - (-2)/m?
1
What is the tens digit of ((-9)/4)/(6 + 25/(3987400/(-956982)))?
1
Let i(j) = 82*j**3 + 2*j - 2. Suppose -s = 2*s + 24. Let y be ((-6)/(-4))/((-12)/s). What is the units digit of i(y)?
2
Let o(i) = i**2 - 3*i + 1. Let r be o(5). Suppose -10*k - 306 = -r*k. Let z = -163 + k. What is the hundreds digit of z?
1
Suppose -2*h - 3*h = 5*f, 3*f - 4*h + 14 = 0. Let w(p) = -10*p**3 - 2*p**2 - p - 2. Let z be w(f). Let t = z - 51. What is the units digit of t?
1
Let m be (-10)/(-20) - (-1)/(-2). Let b = -5 - -5. Suppose b = -3*p - 2*u + 182, 4*p + m*u = u + 250. What is the units digit of p?
2
Let k(b) = 5*b + 29. Suppose -7*g + 912 = 5*g. Let s = g - 65. What is the tens digit of k(s)?
8
Let o = -51 - -58. Suppose 9*u = o*u - 104. Let v = u + 90. What is the units digit of v?
8
Let d(t) = 12*t**2 - 1016*t - 264. What is the hundreds digit of d(89)?
3
Suppose 210863 = -1756*m + 1797*m. What is the tens digit of m?
4
Let y(s) = 135*s**2 - 94*s + 806. What is the ten thousands digit of y(9)?
1
Let m(c) = -30 - 10 + 12*c**2 + 31*c + 21. What is the thousands digit of m(-11)?
1
Let x be -4 + 10 + (622 - 2). Suppose 4*r = 4*t - 504, x = 5*t - 3*r - 0*r. What is the hundreds digit of t?
1
What is the thousands digit of ((-92208)/(-30) - 19)*5?
5
Let l be -1 + 7 + 18/6. What is the units digit of -877*3/3*(-9)/l?
7
Let w be -25*(38*(-9)/(-30) + -3). Let k be w - (7 + -4)*-1 - -3. What is the tens digit of (k/(-8))/((-12)/(-64))?
3
Let w be (24/16)/3 + (-1)/2. Suppose w = -2*t + 27 - 37. Let f(c) = -c**3 + 4*c**2 - 3*c + 9. What is the tens digit of f(t)?
4
Suppose -4*m = -4*h + 16, -m = -3*m - 3*h + 12. Suppose 11*u + o = 7*u + 1677, -5*o + 5 = m. What is the units digit of u?
9
Suppose 5*f - 42 = -h, 5*h = -13 - 2. Suppose -151 - 38 = -f*i. Let u = 91 + i. What is the hundreds digit of u?
1
Let f(c) = 21*c**2 + 9*c + 12. Let d be f(11). Suppose 13*v - 39*v = -d. What is the tens digit of v?
0
Let m be (40/(-25))/((-3)/5310). Suppose 462 = -10*x + m. What is the tens digit of x?
3
Suppose 5*l - 29 = 16. Suppose -5*u = -l + 34, 407 = 3*m + 5*u. Let c = m - 1. What is the hundreds digit of c?
1
Suppose -562*r = -41492452 - 1340378. What is the units digit of r?
5
Let q(y) = 22*y - 40. Let n be q(-4). Let p be (-170)/((-12)/(-4) - 2). Let g = n - p. What is the units digit of g?
2
What is the tens digit of 24/96 + 209001/12?
1
Suppose 0 = -134*s + 135*s - 200. Let a = 895 - s. What is the tens digit of a?
9
Suppose 332*k - 2*c = 327*k + 36772, -14710 = -2*k + c. What is the tens digit of k?
5
Let w(c) = -3*c - 9. Let a be w(-4). What is the units digit of (-5 - 2134)/a*-1?
3
Let m(h) = 5744*h**2 + 50*h + 21. What is the thousands digit of m(-2)?
2
Suppose -f + 5 = 0, 6*z - 2*f = 2*z + 1334. Let d = z - -280. What is the hundreds digit of d?
6
Suppose -2*u = p + 145, -11*u - 4*p = -9*u + 154. Let i = 149 + u. What is the tens digit of i?
7
Suppose 0 = 3*q - 1 + 13. Let m be (44/(-12) - q)*9. Suppose m*f - 83 = -n, -78 - 53 = -2*n + f. What is the units digit of n?
8
What is the tens digit of 896/1120 + 49482/10?
4
Let s(c) = -836*c + 2. Let o be s(-4). Suppose -o = -3*q - 11*q. What is the units digit of q?
9
Let t be (9/